{"id":2,"date":"2025-02-12T20:20:46","date_gmt":"2025-02-12T19:20:46","guid":{"rendered":"https:\/\/julia-c.dk\/?page_id=2"},"modified":"2025-07-25T14:15:05","modified_gmt":"2025-07-25T12:15:05","slug":"eksempel-side","status":"publish","type":"page","link":"https:\/\/julia-c.dk\/?page_id=2","title":{"rendered":"My Books"},"content":{"rendered":"\n<h3 class=\"wp-block-heading\"><em><sub>Here, you\u2019ll find a collection of my published works along with a preview of my upcoming books.<\/sub><\/em> <em><sub>I primarily write in academic and professional contexts, but I also enjoy exploring creative writing and storytelling.<\/sub><\/em> <\/h3>\n\n\n\n<h3 class=\"wp-block-heading\"><sub><em>My books are primarily written in Danish (DK)<\/em><\/sub><\/h3>\n\n\n\n<p>&#8211;<\/p>\n\n\n\n<p><\/p>\n\n\n<div class=\"wp-block-image\">\n<figure class=\"alignleft size-large is-resized\"><img loading=\"lazy\" decoding=\"async\" width=\"1024\" height=\"1007\" src=\"https:\/\/julia-c.dk\/wp-content\/uploads\/2025\/02\/Skaermbillede-2025-02-26-kl.-14.55.11-1024x1007.png\" alt=\"\" class=\"wp-image-133\" style=\"width:417px;height:auto\" srcset=\"https:\/\/julia-c.dk\/wp-content\/uploads\/2025\/02\/Skaermbillede-2025-02-26-kl.-14.55.11-1024x1007.png 1024w, https:\/\/julia-c.dk\/wp-content\/uploads\/2025\/02\/Skaermbillede-2025-02-26-kl.-14.55.11-300x295.png 300w, https:\/\/julia-c.dk\/wp-content\/uploads\/2025\/02\/Skaermbillede-2025-02-26-kl.-14.55.11-768x755.png 768w, https:\/\/julia-c.dk\/wp-content\/uploads\/2025\/02\/Skaermbillede-2025-02-26-kl.-14.55.11.png 1100w\" sizes=\"auto, (max-width: 1024px) 100vw, 1024px\" \/><\/figure>\n<\/div>\n\n\n<blockquote class=\"wp-block-quote is-layout-flow wp-block-quote-is-layout-flow\">\n<p><\/p>\n<\/blockquote>\n\n\n\n<blockquote class=\"wp-block-quote is-layout-flow wp-block-quote-is-layout-flow\">\n<h2 class=\"wp-block-heading\"><em>UNGE TIL LIVEMUSIK<\/em><\/h2>\n\n\n\n<p> \/ 1. Udgave<\/p>\n\n\n\n<p><strong>Language of the book: <\/strong>Danish (DK)<\/p>\n\n\n\n<p><strong>Published: <\/strong><\/p>\n\n\n\n<p>08. Marts 2025 (International Women&#8217;s Day)<\/p>\n\n\n\n<p><strong>Price: <\/strong>299 kr. <\/p>\n\n\n\n<div class=\"wp-block-buttons is-content-justification-right is-layout-flex wp-container-core-buttons-is-layout-02b0700d wp-block-buttons-is-layout-flex\">\n<div class=\"wp-block-button is-style-outline is-style-outline--1\"><a class=\"wp-block-button__link wp-element-button\" href=\"https:\/\/www.saxo.com\/dk\/unge-til-livemusik_ebog_9788740982244?srsltid=AfmBOorQg9WXpiPDTuMbmx4BRQuI8bCpNVhEIZmW2C56KK82BcMHa5Iy\" target=\"_blank\" rel=\"noreferrer noopener\">buy the book here<\/a><\/div>\n<\/div>\n\n\n\n<div class=\"wp-block-group is-layout-grid wp-container-core-group-is-layout-9649a0d9 wp-block-group-is-layout-grid\">\n<p><\/p>\n\n\n\n<p><\/p>\n\n\n\n<p class=\"wp-container-content-5f80b302\"><em>&#8221; I mange danske provinsbyer st\u00e5r livemusiksteder over for en r\u00e6kke udfordringer, der truer deres eksistens og relevans for den yngre generation. Spillesteder, som tidligere fungerede som kulturelle knudepunkter og sociale samlingssteder, oplever en markant nedgang i antallet af unge g\u00e6ster. Dette skyldes en kombination af faktorer s\u00e5som \u00e6ndrede kulturvaner, \u00f8get digitalisering, \u00f8konomiske barrierer og konkurrence fra st\u00f8rre byers mere omfattende kulturliv.<\/em><\/p>\n\n\n\n<p class=\"wp-container-content-5f80b302\"><em>Denne h\u00e5ndbog er udviklet med det form\u00e5l at hj\u00e6lpe spillesteder og kulturinstitutioner med at forst\u00e5 og im\u00f8dekomme de unges behov og forventninger. Gennem strategiske tilgange baseret p\u00e5 forskning og praktiske erfaringer pr\u00e6senterer bogen konkrete l\u00f8sninger, der kan bidrage til at revitalisere livemusikscenen og styrke dens appel til unge..&#8221; <\/em><\/p>\n<\/div>\n\n\n\n<h4 class=\"wp-block-heading\">                              <em><strong>Julia Choma<\/strong>.<\/em><\/h4>\n<\/blockquote>\n\n\n\n<hr class=\"wp-block-separator has-alpha-channel-opacity\"\/>\n\n\n<div class=\"wp-block-image\">\n<figure class=\"alignleft size-large is-resized\"><img loading=\"lazy\" decoding=\"async\" width=\"685\" height=\"1024\" src=\"https:\/\/julia-c.dk\/wp-content\/uploads\/2025\/02\/Skaermbillede-2025-02-20-kl.-12.41.35-2-685x1024.png\" alt=\"\" class=\"wp-image-219\" style=\"width:238px;height:auto\" srcset=\"https:\/\/julia-c.dk\/wp-content\/uploads\/2025\/02\/Skaermbillede-2025-02-20-kl.-12.41.35-2-685x1024.png 685w, https:\/\/julia-c.dk\/wp-content\/uploads\/2025\/02\/Skaermbillede-2025-02-20-kl.-12.41.35-2-201x300.png 201w, https:\/\/julia-c.dk\/wp-content\/uploads\/2025\/02\/Skaermbillede-2025-02-20-kl.-12.41.35-2-768x1149.png 768w, https:\/\/julia-c.dk\/wp-content\/uploads\/2025\/02\/Skaermbillede-2025-02-20-kl.-12.41.35-2.png 940w\" sizes=\"auto, (max-width: 685px) 100vw, 685px\" \/><\/figure>\n<\/div>\n\n\n<div class=\"wp-block-group is-layout-grid wp-container-core-group-is-layout-9649a0d9 wp-block-group-is-layout-grid\">\n<h3 class=\"wp-block-heading wp-container-content-5f80b302\"><em><strong>                     OM FORFATTEREN<\/strong><\/em><\/h3>\n\n\n\n<p><\/p>\n<\/div>\n\n\n\n<p class=\"has-text-align-center\"><em>JULIA CHOMA er en passioneret kulturskaber, projektleder og kulturiv\u00e6rks\u00e6tter med en dyb forst\u00e5else for unges engagement i musik- og kulturlivet. Med en bach- elor i Aesthetics and Culture fra Aarhus Universitet og en st\u00e6rk praktisk erfaring inden for ungekultur og eventudvikling har hun specialiseret sig i at skabe b\u00e6redy- gtige kulturf\u00e6llesskaber, der inddrager unge som aktive medskabere.<\/em><\/p>\n\n\n\n<p class=\"has-text-align-right\"><em>Hendes arbejde sp\u00e6nder bredt \u2013 fra at v\u00e6re initiativtager til Jam Night i Viborg, som p\u00e5 f\u00e5 \u00e5r voksede fra et lille musikinitiativ til et samlingspunkt for 200-250 unge pr. event, til etableringen af Kulturambassad\u00f8rer Viborg, hvor unge l\u00e6rer om eventproduktion, booking og musikbranchen. Derudover har hun arbejdet strategisk med kommunikation, fundraising og frivilligorganisering i projekter som VIBSTOCK Festival, Studenterhuset Aarhus og Kasernebaren, hvor hun har bidraget til at transformere sm\u00e5 f\u00e6llesskaber til velfungerende platforme med st\u00e6rk ungedeltagelse.<\/em><\/p>\n\n\n\n<p class=\"has-text-align-right\"><em>I sit unders\u00f8gelsesarbejde har hun samarbejdet med spillestederne Paletten, Klaverfabrikken, Gimle og netv\u00e6rket UMTO, som har bidraget med v\u00e6rdifulde erfaringer og cases. Derudover har hun haft sparring med centrale akt\u00f8rer som Den Danske Kulturanalyseinstitut, APPLAUS, ROSA, Dansk Musiker Forbund og Dansk Live, hvilket har givet et solidt vidensgrundlag til at forst\u00e5 og udvikle effek- tive formidlingsstrategier for at engagere unge i livemusikmilj\u00f8et. Hun har et \u00f8nske om at videref\u00f8re forskningsarbejdet inden for dette felt i fremtiden.<\/em><\/p>\n\n\n\n<p class=\"has-text-align-right\"><em>Hendes akademiske arbejde kombineres med en praktisk tilgang til unges kulturforbrug og engagement. I sin bachelorafhandling Unge til Livemusik<br>(2025) unders\u00f8ger hun, hvordan danske spillesteder kan engagere unge gennem deltagelse og frivillighed. Denne h\u00e5ndbog bygger videre p\u00e5 hendes forskning og erfaringer, med konkrete strategier til at g\u00f8re livemusikmilj\u00f8et mere tilg\u00e6ngeligt, relevant og engagerende for unge<\/em>.<\/p>\n\n\n\n<p class=\"has-text-align-right\"><em>Med et st\u00e6rkt internationalt perspektiv og en dyb forst\u00e5else for unges kulturvaner er Julia Choma en markant stemme i arbejdet med at revitalisere livemusikscenen i provinsbyerne og skabe et kulturmilj\u00f8, hvor unge ikke blot er g\u00e6ster \u2013 men aktive medskabere af fremtidens kulturliv.<\/em><\/p>\n\n\n\n<p><\/p>\n\n\n\n<p><\/p>\n\n\n\n<hr class=\"wp-block-separator has-alpha-channel-opacity\"\/>\n\n\n\n<h2 class=\"wp-block-heading\"><strong>ABOUT MY UPCOMING BOOK<\/strong><\/h2>\n\n\n\n<h1 class=\"wp-block-heading alignwide\" id=\"warble-a-film-about-hobbyist-bird-watchers-1\" style=\"font-size:clamp(3rem, 6vw, 4.5rem)\">UNTITLED &#8211; NAME TBA<\/h1>\n\n\n\n<p class=\"has-text-align-center\"><strong><em>MY UPCOMING BOOK<\/em><\/strong><\/p>\n\n\n\n<p><\/p>\n\n\n<div class=\"wp-block-image\">\n<figure class=\"alignright size-large is-resized\"><img loading=\"lazy\" decoding=\"async\" width=\"844\" height=\"858\" src=\"https:\/\/julia-c.dk\/wp-content\/uploads\/2025\/02\/f82cbee9-1476-47a2-aeb0-39de389a3b09_rw_1920-edited.jpeg\" alt=\"\" class=\"wp-image-140\" style=\"width:345px;height:auto\" srcset=\"https:\/\/julia-c.dk\/wp-content\/uploads\/2025\/02\/f82cbee9-1476-47a2-aeb0-39de389a3b09_rw_1920-edited.jpeg 844w, https:\/\/julia-c.dk\/wp-content\/uploads\/2025\/02\/f82cbee9-1476-47a2-aeb0-39de389a3b09_rw_1920-edited-295x300.jpeg 295w, https:\/\/julia-c.dk\/wp-content\/uploads\/2025\/02\/f82cbee9-1476-47a2-aeb0-39de389a3b09_rw_1920-edited-768x781.jpeg 768w\" sizes=\"auto, (max-width: 844px) 100vw, 844px\" \/><\/figure>\n<\/div>\n\n\n<p><strong>(eng)<\/strong><\/p>\n\n\n\n<p><em>My upcoming book is a deeply personal narrative about how I rose from a violent and abusive background to create a life filled with hope and self-determination. Through my own struggle, I have managed to change my destiny and ensure the safety of my family.<\/em><\/p>\n\n\n\n<p><em>From as early as five years old, I began writing down my thoughts as a way to process the harsh realities and brutality of my early years. This writing was not only a means of self-reflection but also a lifeline during the darkest moments of my childhood.<\/em><\/p>\n\n\n\n<p><em>Now, I want to share my story with the world\u2014not just to recount my journey, but also to empower others who feel trapped in cycles of violence and adversity. My narrative is also a testament to breaking free from the constraints of a limiting social and cultural legacy, proving that we can forge our own paths despite our past.<\/em><\/p>\n\n\n\n<p><em>This is a story of embracing inner strength, believing in oneself, and transforming pain into a foundation for a brighter future.<\/em><\/p>\n\n\n\n<p><strong>(dk)<\/strong><\/p>\n\n\n\n<p><em>Min kommende bog er en dybt personlig fort\u00e6lling om, hvordan jeg rejste mig fra en voldelig og misbrug pr\u00e6get baggrund for at skabe et liv fyldt med h\u00e5b og selvbestemmelse. Gennem min egen kamp har jeg form\u00e5et at \u00e6ndre min sk\u00e6bne og sikre min families tryghed.<\/em><\/p>\n\n\n\n<p><em>Allerede fra fem\u00e5rsalderen begyndte jeg at skrive mine tanker ned som en m\u00e5de at bearbejde de barske realiteter og den brutalitet, jeg oplevede i mine tidlige \u00e5r. Denne skrivning var ikke kun en metode til selvrefleksion, men ogs\u00e5 en livline i de m\u00f8rkeste \u00f8jeblikke af min barndom.<\/em><\/p>\n\n\n\n<p><em>Nu \u00f8nsker jeg at dele min historie med verden \u2013 ikke kun for at berette om min rejse, men ogs\u00e5 for at give styrke til andre, der f\u00f8ler sig fanget i cyklusser af vold og modgang. Min fort\u00e6lling er desuden et vidnesbyrd om, hvordan man kan bryde fri fra en begr\u00e6nsende social og kulturel arv og skabe sin egen vej trods fortidens skygger.<\/em><\/p>\n\n\n\n<p><em>Dette er en historie om at omfavne sin indre styrke, tro p\u00e5 sig selv og omdanne smerte til fundamentet for en lysere fremtid.<\/em><\/p>\n\n\n\n<p><strong>(pl)<\/strong><\/p>\n\n\n\n<p><em>Moja nadchodz\u0105ca ksi\u0105\u017cka to g\u0142\u0119boko osobista opowie\u015b\u0107 o tym, jak zdo\u0142a\u0142em wznie\u015b\u0107 si\u0119 ponad przemoc i uzale\u017cnienia, kt\u00f3re naznaczy\u0142y moje wczesne \u017cycie, aby stworzy\u0107 przysz\u0142o\u015b\u0107 pe\u0142n\u0105 nadziei i samostanowienia. Dzi\u0119ki w\u0142asnej walce uda\u0142o mi si\u0119 zmieni\u0107 swoje przeznaczenie i zapewni\u0107 bezpiecze\u0144stwo mojej rodzinie.<\/em><\/p>\n\n\n\n<p><em>Ju\u017c od pi\u0105tego roku \u017cycia zacz\u0105\u0142em zapisywa\u0107 swoje my\u015bli, aby przetworzy\u0107 surowe realia i brutalno\u015b\u0107, kt\u00f3rych do\u015bwiadcza\u0142em we wczesnych latach. Pisanie to nie by\u0142o jedynie metod\u0105 autorefleksji, lecz r\u00f3wnie\u017c lifelin\u0105 w najciemniejszych momentach mojego dzieci\u0144stwa.<\/em><\/p>\n\n\n\n<p><em>Teraz pragn\u0119 podzieli\u0107 si\u0119 swoj\u0105 histori\u0105 ze \u015bwiatem \u2013 nie tylko po to, aby opowiedzie\u0107 o mojej drodze, ale tak\u017ce, aby da\u0107 si\u0142\u0119 innym, kt\u00f3rzy czuj\u0105 si\u0119 uwi\u0119zieni w cyklach przemocy i przeciwno\u015bci losu. Moja opowie\u015b\u0107 jest tak\u017ce \u015bwiadectwem tego, jak mo\u017cna zerwa\u0107 z ograniczaj\u0105cym dziedzictwem spo\u0142ecznym i kulturowym, i wytyczy\u0107 w\u0142asn\u0105 \u015bcie\u017ck\u0119, mimo cieni przesz\u0142o\u015bci.<\/em><\/p>\n\n\n\n<p><em>To historia o przyjmowaniu wewn\u0119trznej si\u0142y, wierze w siebie i przekszta\u0142caniu b\u00f3lu w fundament dla ja\u015bniejszej przysz\u0142o\u015bci.<\/em><\/p>\n\n\n\n<p><\/p>\n\n\n\n<p><\/p>\n\n\n\n<div class=\"wp-block-group alignfull has-background-color has-white-color has-black-background-color has-text-color has-background has-link-color wp-elements-ad0f8cc7ea472960d6203bff76f98855 is-vertical is-content-justification-stretch is-layout-flex wp-container-core-group-is-layout-47eb2bc5 wp-block-group-is-layout-flex\" style=\"min-height:40vh;margin-top:0;margin-bottom:0;padding-top:var(--wp--preset--spacing--60);padding-right:var(--wp--preset--spacing--40);padding-bottom:var(--wp--preset--spacing--60);padding-left:var(--wp--preset--spacing--40)\">\n<div class=\"wp-block-columns alignwide has-small-font-size is-layout-flex wp-container-core-columns-is-layout-9d6595d7 wp-block-columns-is-layout-flex\">\n<div class=\"wp-block-column is-layout-flow wp-block-column-is-layout-flow\">\n<p class=\"has-text-align-center\"><strong>Location<\/strong><\/p>\n\n\n\n<p class=\"has-text-align-center\">Aarhus \/ Viborg<\/p>\n\n\n\n<div style=\"height:24px\" aria-hidden=\"true\" class=\"wp-block-spacer\"><\/div>\n<\/div>\n\n\n\n<div class=\"wp-block-column is-layout-flow wp-block-column-is-layout-flow\">\n<p class=\"has-text-align-center\"><strong>Pages<\/strong><\/p>\n\n\n<nav class=\"has-small-font-size items-justified-center is-vertical no-wrap wp-block-navigation is-content-justification-center is-nowrap is-layout-flex wp-container-core-navigation-is-layout-685400d0 wp-block-navigation-is-layout-flex\" aria-label=\"Header navigation\"><ul class=\"wp-block-navigation__container has-small-font-size items-justified-center is-vertical no-wrap wp-block-navigation has-small-font-size\"><li class=\"has-small-font-size wp-block-navigation-item wp-block-navigation-link\"><a class=\"wp-block-navigation-item__content\"  href=\"https:\/\/julia-c.dk\/?page_id=2\"><span class=\"wp-block-navigation-item__label\">MY BOOKS<\/span><\/a><\/li><li class=\"has-small-font-size wp-block-navigation-item wp-block-navigation-link\"><a class=\"wp-block-navigation-item__content\"  href=\"https:\/\/julia-c.dk\/?page_id=11\"><span class=\"wp-block-navigation-item__label\">ARTICLES <\/span><\/a><\/li><li class=\"has-small-font-size wp-block-navigation-item wp-block-navigation-link\"><a class=\"wp-block-navigation-item__content\"  href=\"https:\/\/julia-c.dk\/?page_id=12\"><span class=\"wp-block-navigation-item__label\">ART by me<\/span><\/a><\/li><li class=\"has-small-font-size wp-block-navigation-item wp-block-navigation-link\"><a class=\"wp-block-navigation-item__content\"  href=\"https:\/\/julia-c.dk\/wp-admin\/post.php?post=62&#038;action=edit\"><span class=\"wp-block-navigation-item__label\">MY PROJECTS<\/span><\/a><\/li><li class=\"has-small-font-size wp-block-navigation-item wp-block-navigation-link\"><a class=\"wp-block-navigation-item__content\"  href=\"https:\/\/julia-c.dk\/?page_id=14\" target=\"_blank\"  ><span class=\"wp-block-navigation-item__label\">MENTORING AND COACHING<\/span><\/a><\/li><\/ul><\/nav>\n\n\n<div style=\"height:24px\" aria-hidden=\"true\" class=\"wp-block-spacer\"><\/div>\n<\/div>\n\n\n\n<div class=\"wp-block-column is-layout-flow wp-block-column-is-layout-flow\">\n<p class=\"has-text-align-center\"><strong>Follow me<\/strong><\/p>\n\n\n\n<div class=\"wp-block-group is-vertical is-content-justification-center is-layout-flex wp-container-core-group-is-layout-bdd043ae wp-block-group-is-layout-flex\">\n<p><a href=\"https:\/\/www.facebook.com\/julina.siwa\/\" target=\"_blank\" rel=\"noreferrer noopener\">Facebook<\/a><\/p>\n\n\n\n<p><a href=\"https:\/\/www.instagram.com\/julechoma\/\" target=\"_blank\" rel=\"noreferrer noopener\">Instagram<\/a><\/p>\n\n\n\n<p><a href=\"https:\/\/www.linkedin.com\/in\/julia-choma-39936b250\/\" target=\"_blank\" rel=\"noreferrer noopener\">Linkein<\/a><\/p>\n<\/div>\n\n\n\n<div style=\"height:24px\" aria-hidden=\"true\" class=\"wp-block-spacer\"><\/div>\n<\/div>\n<\/div>\n\n\n\n<div class=\"wp-block-group alignwide is-content-justification-center is-layout-flex wp-container-core-group-is-layout-5590e8cb wp-block-group-is-layout-flex\">\n<p class=\"has-text-align-center has-small-font-size\"> Proudly powered by <a rel=\"nofollow\" href=\"https:\/\/wordpress.org\">WordPress<\/a> <\/p>\n<\/div>\n<\/div>\n\n\n\n<p><\/p>\n","protected":false},"excerpt":{"rendered":"<p>Here, you\u2019ll find a collection of my published works along with a preview of my upcoming books. I primarily write in academic and professional contexts, but I also enjoy exploring creative writing and storytelling. My books are primarily written in Danish (DK) &#8211; OM FORFATTEREN JULIA CHOMA er en passioneret kulturskaber, projektleder og kulturiv\u00e6rks\u00e6tter med [&hellip;]<\/p>\n","protected":false},"author":1,"featured_media":0,"parent":0,"menu_order":0,"comment_status":"closed","ping_status":"open","template":"","meta":{"footnotes":""},"class_list":["post-2","page","type-page","status-publish","hentry"],"yoast_head":"<!-- This site is optimized with the Yoast SEO plugin v27.3 - https:\/\/yoast.com\/product\/yoast-seo-wordpress\/ -->\n<title>My Books - julia-c<\/title>\n<meta name=\"robots\" content=\"index, follow, max-snippet:-1, max-image-preview:large, max-video-preview:-1\" \/>\n<link rel=\"canonical\" href=\"https:\/\/julia-c.dk\/?page_id=2\" \/>\n<meta property=\"og:locale\" content=\"da_DK\" \/>\n<meta property=\"og:type\" content=\"article\" \/>\n<meta property=\"og:title\" content=\"My Books - julia-c\" \/>\n<meta property=\"og:description\" content=\"Here, you\u2019ll find a collection of my published works along with a preview of my upcoming books. I primarily write in academic and professional contexts, but I also enjoy exploring creative writing and storytelling. My books are primarily written in Danish (DK) &#8211; OM FORFATTEREN JULIA CHOMA er en passioneret kulturskaber, projektleder og kulturiv\u00e6rks\u00e6tter med [&hellip;]\" \/>\n<meta property=\"og:url\" content=\"https:\/\/julia-c.dk\/?page_id=2\" \/>\n<meta property=\"og:site_name\" content=\"julia-c\" \/>\n<meta property=\"article:modified_time\" content=\"2025-07-25T12:15:05+00:00\" \/>\n<meta property=\"og:image\" content=\"https:\/\/julia-c.dk\/wp-content\/uploads\/2025\/02\/Skaermbillede-2025-02-26-kl.-14.55.11.png\" \/>\n\t<meta property=\"og:image:width\" content=\"1100\" \/>\n\t<meta property=\"og:image:height\" content=\"1082\" \/>\n\t<meta property=\"og:image:type\" content=\"image\/png\" \/>\n<meta name=\"twitter:card\" content=\"summary_large_image\" \/>\n<meta name=\"twitter:label1\" content=\"Estimeret l\u00e6setid\" \/>\n\t<meta name=\"twitter:data1\" content=\"6 minutter\" \/>\n<script type=\"application\/ld+json\" class=\"yoast-schema-graph\">{\"@context\":\"https:\\\/\\\/schema.org\",\"@graph\":[{\"@type\":\"WebPage\",\"@id\":\"https:\\\/\\\/julia-c.dk\\\/?page_id=2\",\"url\":\"https:\\\/\\\/julia-c.dk\\\/?page_id=2\",\"name\":\"My Books - julia-c\",\"isPartOf\":{\"@id\":\"https:\\\/\\\/julia-c.dk\\\/#website\"},\"primaryImageOfPage\":{\"@id\":\"https:\\\/\\\/julia-c.dk\\\/?page_id=2#primaryimage\"},\"image\":{\"@id\":\"https:\\\/\\\/julia-c.dk\\\/?page_id=2#primaryimage\"},\"thumbnailUrl\":\"https:\\\/\\\/julia-c.dk\\\/wp-content\\\/uploads\\\/2025\\\/02\\\/Skaermbillede-2025-02-26-kl.-14.55.11-1024x1007.png\",\"datePublished\":\"2025-02-12T19:20:46+00:00\",\"dateModified\":\"2025-07-25T12:15:05+00:00\",\"breadcrumb\":{\"@id\":\"https:\\\/\\\/julia-c.dk\\\/?page_id=2#breadcrumb\"},\"inLanguage\":\"da-DK\",\"potentialAction\":[{\"@type\":\"ReadAction\",\"target\":[\"https:\\\/\\\/julia-c.dk\\\/?page_id=2\"]}]},{\"@type\":\"ImageObject\",\"inLanguage\":\"da-DK\",\"@id\":\"https:\\\/\\\/julia-c.dk\\\/?page_id=2#primaryimage\",\"url\":\"https:\\\/\\\/julia-c.dk\\\/wp-content\\\/uploads\\\/2025\\\/02\\\/Skaermbillede-2025-02-26-kl.-14.55.11.png\",\"contentUrl\":\"https:\\\/\\\/julia-c.dk\\\/wp-content\\\/uploads\\\/2025\\\/02\\\/Skaermbillede-2025-02-26-kl.-14.55.11.png\",\"width\":1100,\"height\":1082},{\"@type\":\"BreadcrumbList\",\"@id\":\"https:\\\/\\\/julia-c.dk\\\/?page_id=2#breadcrumb\",\"itemListElement\":[{\"@type\":\"ListItem\",\"position\":1,\"name\":\"Hjem\",\"item\":\"https:\\\/\\\/julia-c.dk\\\/\"},{\"@type\":\"ListItem\",\"position\":2,\"name\":\"My Books\"}]},{\"@type\":\"WebSite\",\"@id\":\"https:\\\/\\\/julia-c.dk\\\/#website\",\"url\":\"https:\\\/\\\/julia-c.dk\\\/\",\"name\":\"julia-c.dk\",\"description\":\"- creativity, community, culture\",\"potentialAction\":[{\"@type\":\"SearchAction\",\"target\":{\"@type\":\"EntryPoint\",\"urlTemplate\":\"https:\\\/\\\/julia-c.dk\\\/?s={search_term_string}\"},\"query-input\":{\"@type\":\"PropertyValueSpecification\",\"valueRequired\":true,\"valueName\":\"search_term_string\"}}],\"inLanguage\":\"da-DK\"}]}<\/script>\n<!-- \/ Yoast SEO plugin. -->","yoast_head_json":{"title":"My Books - julia-c","robots":{"index":"index","follow":"follow","max-snippet":"max-snippet:-1","max-image-preview":"max-image-preview:large","max-video-preview":"max-video-preview:-1"},"canonical":"https:\/\/julia-c.dk\/?page_id=2","og_locale":"da_DK","og_type":"article","og_title":"My Books - julia-c","og_description":"Here, you\u2019ll find a collection of my published works along with a preview of my upcoming books. I primarily write in academic and professional contexts, but I also enjoy exploring creative writing and storytelling. My books are primarily written in Danish (DK) &#8211; OM FORFATTEREN JULIA CHOMA er en passioneret kulturskaber, projektleder og kulturiv\u00e6rks\u00e6tter med [&hellip;]","og_url":"https:\/\/julia-c.dk\/?page_id=2","og_site_name":"julia-c","article_modified_time":"2025-07-25T12:15:05+00:00","og_image":[{"width":1100,"height":1082,"url":"https:\/\/julia-c.dk\/wp-content\/uploads\/2025\/02\/Skaermbillede-2025-02-26-kl.-14.55.11.png","type":"image\/png"}],"twitter_card":"summary_large_image","twitter_misc":{"Estimeret l\u00e6setid":"6 minutter"},"schema":{"@context":"https:\/\/schema.org","@graph":[{"@type":"WebPage","@id":"https:\/\/julia-c.dk\/?page_id=2","url":"https:\/\/julia-c.dk\/?page_id=2","name":"My Books - julia-c","isPartOf":{"@id":"https:\/\/julia-c.dk\/#website"},"primaryImageOfPage":{"@id":"https:\/\/julia-c.dk\/?page_id=2#primaryimage"},"image":{"@id":"https:\/\/julia-c.dk\/?page_id=2#primaryimage"},"thumbnailUrl":"https:\/\/julia-c.dk\/wp-content\/uploads\/2025\/02\/Skaermbillede-2025-02-26-kl.-14.55.11-1024x1007.png","datePublished":"2025-02-12T19:20:46+00:00","dateModified":"2025-07-25T12:15:05+00:00","breadcrumb":{"@id":"https:\/\/julia-c.dk\/?page_id=2#breadcrumb"},"inLanguage":"da-DK","potentialAction":[{"@type":"ReadAction","target":["https:\/\/julia-c.dk\/?page_id=2"]}]},{"@type":"ImageObject","inLanguage":"da-DK","@id":"https:\/\/julia-c.dk\/?page_id=2#primaryimage","url":"https:\/\/julia-c.dk\/wp-content\/uploads\/2025\/02\/Skaermbillede-2025-02-26-kl.-14.55.11.png","contentUrl":"https:\/\/julia-c.dk\/wp-content\/uploads\/2025\/02\/Skaermbillede-2025-02-26-kl.-14.55.11.png","width":1100,"height":1082},{"@type":"BreadcrumbList","@id":"https:\/\/julia-c.dk\/?page_id=2#breadcrumb","itemListElement":[{"@type":"ListItem","position":1,"name":"Hjem","item":"https:\/\/julia-c.dk\/"},{"@type":"ListItem","position":2,"name":"My Books"}]},{"@type":"WebSite","@id":"https:\/\/julia-c.dk\/#website","url":"https:\/\/julia-c.dk\/","name":"julia-c.dk","description":"- creativity, community, culture","potentialAction":[{"@type":"SearchAction","target":{"@type":"EntryPoint","urlTemplate":"https:\/\/julia-c.dk\/?s={search_term_string}"},"query-input":{"@type":"PropertyValueSpecification","valueRequired":true,"valueName":"search_term_string"}}],"inLanguage":"da-DK"}]}},"jetpack_sharing_enabled":true,"_links":{"self":[{"href":"https:\/\/julia-c.dk\/index.php?rest_route=\/wp\/v2\/pages\/2","targetHints":{"allow":["GET"]}}],"collection":[{"href":"https:\/\/julia-c.dk\/index.php?rest_route=\/wp\/v2\/pages"}],"about":[{"href":"https:\/\/julia-c.dk\/index.php?rest_route=\/wp\/v2\/types\/page"}],"author":[{"embeddable":true,"href":"https:\/\/julia-c.dk\/index.php?rest_route=\/wp\/v2\/users\/1"}],"replies":[{"embeddable":true,"href":"https:\/\/julia-c.dk\/index.php?rest_route=%2Fwp%2Fv2%2Fcomments&post=2"}],"version-history":[{"count":26,"href":"https:\/\/julia-c.dk\/index.php?rest_route=\/wp\/v2\/pages\/2\/revisions"}],"predecessor-version":[{"id":583,"href":"https:\/\/julia-c.dk\/index.php?rest_route=\/wp\/v2\/pages\/2\/revisions\/583"}],"wp:attachment":[{"href":"https:\/\/julia-c.dk\/index.php?rest_route=%2Fwp%2Fv2%2Fmedia&parent=2"}],"curies":[{"name":"wp","href":"https:\/\/api.w.org\/{rel}","templated":true}]}}